{"id":505,"date":"2025-09-30T15:15:41","date_gmt":"2025-09-30T14:15:41","guid":{"rendered":"https:\/\/www.fannitenk.com\/?page_id=505"},"modified":"2025-09-30T15:18:48","modified_gmt":"2025-09-30T14:18:48","slug":"jogi-nyilatkozat","status":"publish","type":"page","link":"https:\/\/www.fannitenk.com\/?page_id=505","title":{"rendered":"Jogi nyilatkozat"},"content":{"rendered":"<p>[et_pb_section fb_built=&#8221;1&#8243; _builder_version=&#8221;4.27.0&#8243; _module_preset=&#8221;default&#8221; global_colors_info=&#8221;{}&#8221;][et_pb_row _builder_version=&#8221;4.27.0&#8243; _module_preset=&#8221;default&#8221; global_colors_info=&#8221;{}&#8221;][et_pb_column type=&#8221;4_4&#8243; _builder_version=&#8221;4.27.0&#8243; _module_preset=&#8221;default&#8221; global_colors_info=&#8221;{}&#8221;][et_pb_text _builder_version=&#8221;4.27.0&#8243; _module_preset=&#8221;default&#8221; hover_enabled=&#8221;0&#8243; global_colors_info=&#8221;{}&#8221; sticky_enabled=&#8221;0&#8243;]<\/p>\n<h1><strong>JOGI NYILATKOZAT<\/strong><\/h1>\n<p><strong><\/strong><\/p>\n<p><strong><\/strong><\/p>\n<p><strong>A Future Built Korl\u00e1tolt Felel\u0151ss\u00e9g\u0171 T\u00e1rsas\u00e1g<\/strong><\/p>\n<p>(<em>sz\u00e9khely: 9200 Mosonmagyar\u00f3v\u00e1r, V\u00e1rallyai Gy\u00f6rgy utca 66. B. \u00e9p.; c\u00e9gjegyz\u00e9ksz\u00e1m: 08-09-022309; ad\u00f3sz\u00e1m: 23478464-2-08; nyilv\u00e1ntartja: a Gy\u0151ri T\u00f6rv\u00e9nysz\u00e9k C\u00e9gb\u00edr\u00f3s\u00e1ga; k\u00e9pviseli: Dr. Tenk G\u00e1bor \u00fcgyvezet\u0151; a \u201e<strong>Szolg\u00e1ltat\u00f3<\/strong>\u201d<\/em>)<\/p>\n<p>mint Szolg\u00e1ltat\u00f3 \u00e1ltal \u00fczemeltetett \u00e9s fenntartott,<\/p>\n<p><a href=\"https:\/\/www.fannitenk.com\/\">https:\/\/www.fannitenk.com\/<\/a><\/p>\n<p>weboldal l\u00e1togat\u00f3inak, valamint szolg\u00e1ltat\u00e1saink ig\u00e9nybe vev\u0151inek r\u00e9sz\u00e9re sz\u00f3l\u00f3 jogi nyilatkozata.<\/p>\n<p>Jelen nyilatkozat 2024.07.27. napj\u00e1t\u00f3l hat\u00e1lyos.<\/p>\n<p>&nbsp;<\/p>\n<p>&nbsp;<\/p>\n<ol>\n<li><strong>a szolg\u00e1ltat\u00f3 \u00e9s a t\u00e1rhely szolg\u00e1ltat\u00f3 adatai \u00e9s el\u00e9rhet\u0151s\u00e9ge<\/strong><\/li>\n<\/ol>\n<p><strong>C\u00e9gn\u00e9v:<\/strong> \u00a0\u00a0\u00a0\u00a0\u00a0\u00a0\u00a0\u00a0\u00a0\u00a0\u00a0\u00a0\u00a0\u00a0\u00a0\u00a0\u00a0\u00a0\u00a0\u00a0\u00a0\u00a0\u00a0\u00a0\u00a0\u00a0\u00a0\u00a0\u00a0\u00a0\u00a0\u00a0\u00a0\u00a0\u00a0\u00a0\u00a0\u00a0\u00a0\u00a0\u00a0\u00a0\u00a0 <strong>Future Built Korl\u00e1tolt Felel\u0151ss\u00e9g\u0171 T\u00e1rsas\u00e1g<\/strong><\/p>\n<p>Sz\u00e9khely: \u00a0\u00a0\u00a0\u00a0\u00a0\u00a0\u00a0\u00a0\u00a0\u00a0\u00a0\u00a0\u00a0\u00a0\u00a0\u00a0\u00a0\u00a0\u00a0\u00a0\u00a0\u00a0\u00a0\u00a0\u00a0\u00a0\u00a0\u00a0\u00a0\u00a0\u00a0\u00a0\u00a0\u00a0\u00a0\u00a0\u00a0\u00a0\u00a0\u00a0\u00a0\u00a0 9200 Mosonmagyar\u00f3v\u00e1r, V\u00e1rallyai Gy\u00f6rgy utca 66. B.<\/p>\n<p>\u00e9p.<\/p>\n<p>C\u00e9gjegyz\u00e9ksz\u00e1m: \u00a0\u00a0\u00a0\u00a0\u00a0\u00a0\u00a0\u00a0\u00a0\u00a0\u00a0\u00a0\u00a0\u00a0\u00a0\u00a0\u00a0\u00a0\u00a0\u00a0\u00a0\u00a0\u00a0\u00a0\u00a0\u00a0\u00a0\u00a0\u00a0\u00a0 08-09-022309<\/p>\n<p>Ad\u00f3sz\u00e1m: \u00a0\u00a0\u00a0\u00a0\u00a0\u00a0\u00a0\u00a0\u00a0\u00a0\u00a0\u00a0\u00a0\u00a0\u00a0\u00a0\u00a0\u00a0\u00a0\u00a0\u00a0\u00a0\u00a0\u00a0\u00a0\u00a0\u00a0\u00a0\u00a0\u00a0\u00a0\u00a0\u00a0\u00a0\u00a0\u00a0\u00a0\u00a0\u00a0\u00a0\u00a0 23478464-2-08<\/p>\n<p>Nyilv\u00e1ntartja: \u00a0\u00a0\u00a0\u00a0\u00a0\u00a0\u00a0\u00a0\u00a0\u00a0\u00a0\u00a0\u00a0\u00a0\u00a0\u00a0\u00a0\u00a0\u00a0\u00a0\u00a0\u00a0\u00a0\u00a0\u00a0\u00a0\u00a0\u00a0\u00a0\u00a0\u00a0\u00a0\u00a0\u00a0\u00a0\u00a0\u00a0 a Gy\u0151ri T\u00f6rv\u00e9nysz\u00e9k C\u00e9gb\u00edr\u00f3s\u00e1ga<\/p>\n<p>K\u00e9pviseli: \u00a0\u00a0\u00a0\u00a0\u00a0\u00a0\u00a0\u00a0\u00a0\u00a0\u00a0\u00a0\u00a0\u00a0\u00a0\u00a0\u00a0\u00a0\u00a0\u00a0\u00a0\u00a0\u00a0\u00a0\u00a0\u00a0\u00a0\u00a0\u00a0\u00a0\u00a0\u00a0\u00a0\u00a0\u00a0\u00a0\u00a0\u00a0\u00a0\u00a0\u00a0\u00a0 Dr. Tenk G\u00e1bor \u00fcgyvezet\u0151<\/p>\n<p>Elektronikus k\u00e9zbes\u00edt\u00e9si c\u00edme: \u00a0\u00a0\u00a0\u00a0\u00a0\u00a0\u00a0\u00a0\u00a0\u00a0\u00a0 <a href=\"mailto:futurebuilt2020@gmail.com\">futurebuilt2020@gmail.com<\/a><\/p>\n<p>E-mail c\u00edme: \u00a0\u00a0\u00a0\u00a0\u00a0\u00a0\u00a0\u00a0\u00a0\u00a0\u00a0\u00a0\u00a0\u00a0\u00a0\u00a0\u00a0\u00a0\u00a0\u00a0\u00a0\u00a0\u00a0\u00a0\u00a0\u00a0\u00a0\u00a0\u00a0\u00a0\u00a0\u00a0\u00a0\u00a0\u00a0\u00a0\u00a0 <a href=\"mailto:futurebuilt2020@gmail.com\">futurebuilt2020@gmail.com<\/a> \u00e9s <a href=\"mailto:hello@fannitenk.com\">hello@fannitenk.com<\/a><\/p>\n<p>Telefonsz\u00e1m: \u00a0\u00a0\u00a0\u00a0\u00a0\u00a0\u00a0\u00a0\u00a0\u00a0\u00a0\u00a0\u00a0\u00a0\u00a0\u00a0\u00a0\u00a0\u00a0\u00a0\u00a0\u00a0\u00a0\u00a0\u00a0\u00a0\u00a0\u00a0\u00a0\u00a0\u00a0\u00a0\u00a0\u00a0\u00a0\u00a0 +36703417029<\/p>\n<p>Honlap: \u00a0\u00a0\u00a0\u00a0\u00a0\u00a0\u00a0\u00a0\u00a0\u00a0\u00a0\u00a0\u00a0\u00a0\u00a0\u00a0\u00a0\u00a0\u00a0\u00a0\u00a0\u00a0\u00a0\u00a0\u00a0\u00a0\u00a0\u00a0\u00a0\u00a0\u00a0\u00a0\u00a0\u00a0\u00a0\u00a0\u00a0\u00a0\u00a0\u00a0\u00a0\u00a0\u00a0\u00a0 <a href=\"https:\/\/www.fannitenk.com\">www.fannitenk.com<\/a><\/p>\n<p>a tov\u00e1bbiakban a \u201e<strong>Szolg\u00e1ltat\u00f3<\/strong>\u201d<\/p>\n<p>&nbsp;<\/p>\n<p>\u00e9s<\/p>\n<p>&nbsp;<\/p>\n<p><strong>C\u00e9gn\u00e9v:<\/strong> \u00a0\u00a0\u00a0\u00a0\u00a0\u00a0\u00a0\u00a0\u00a0\u00a0\u00a0\u00a0\u00a0\u00a0\u00a0\u00a0\u00a0\u00a0\u00a0\u00a0\u00a0\u00a0\u00a0\u00a0\u00a0\u00a0\u00a0\u00a0\u00a0\u00a0\u00a0\u00a0\u00a0\u00a0\u00a0\u00a0\u00a0\u00a0\u00a0\u00a0\u00a0\u00a0\u00a0 <strong>T\u00e1rhely.Eu Kft.<\/strong><\/p>\n<p>Sz\u00e9khely: \u00a0\u00a0\u00a0\u00a0\u00a0\u00a0\u00a0\u00a0\u00a0\u00a0\u00a0\u00a0\u00a0\u00a0\u00a0\u00a0\u00a0\u00a0\u00a0\u00a0\u00a0\u00a0\u00a0\u00a0\u00a0\u00a0\u00a0\u00a0\u00a0\u00a0\u00a0\u00a0\u00a0\u00a0\u00a0\u00a0\u00a0\u00a0\u00a0\u00a0\u00a0\u00a0 1144 Budapest, Orm\u00e1ns\u00e1g utca 4. X. em. 241. ajt\u00f3<\/p>\n<p>C\u00e9gjegyz\u00e9ksz\u00e1m: \u00a0\u00a0\u00a0\u00a0\u00a0\u00a0\u00a0\u00a0\u00a0\u00a0\u00a0\u00a0\u00a0\u00a0\u00a0\u00a0\u00a0\u00a0\u00a0\u00a0\u00a0\u00a0\u00a0\u00a0\u00a0\u00a0\u00a0\u00a0\u00a0\u00a0 01-09-909968<\/p>\n<p>Ad\u00f3sz\u00e1m: \u00a0\u00a0\u00a0\u00a0\u00a0\u00a0\u00a0\u00a0\u00a0\u00a0\u00a0\u00a0\u00a0\u00a0\u00a0\u00a0\u00a0\u00a0\u00a0\u00a0\u00a0\u00a0\u00a0\u00a0\u00a0\u00a0\u00a0\u00a0\u00a0\u00a0\u00a0\u00a0\u00a0\u00a0\u00a0\u00a0\u00a0\u00a0\u00a0\u00a0\u00a0 14571332-2-42<\/p>\n<p>Nyilv\u00e1ntartja: \u00a0\u00a0\u00a0\u00a0\u00a0\u00a0\u00a0\u00a0\u00a0\u00a0\u00a0\u00a0\u00a0\u00a0\u00a0\u00a0\u00a0\u00a0\u00a0\u00a0\u00a0\u00a0\u00a0\u00a0\u00a0\u00a0\u00a0\u00a0\u00a0\u00a0\u00a0\u00a0\u00a0\u00a0\u00a0\u00a0\u00a0 a F\u0151v\u00e1rosi T\u00f6rv\u00e9nysz\u00e9k C\u00e9gb\u00edr\u00f3s\u00e1ga<\/p>\n<p>K\u00e9pviseli: \u00a0\u00a0\u00a0\u00a0\u00a0\u00a0\u00a0\u00a0\u00a0\u00a0\u00a0\u00a0\u00a0\u00a0\u00a0\u00a0\u00a0\u00a0\u00a0\u00a0\u00a0\u00a0\u00a0\u00a0\u00a0\u00a0\u00a0\u00a0\u00a0\u00a0\u00a0\u00a0\u00a0\u00a0\u00a0\u00a0\u00a0\u00a0\u00a0\u00a0\u00a0\u00a0 K\u00e1rp\u00e1ti Zolt\u00e1n L\u00e1szl\u00f3 \u00fcgyvezet\u0151<\/p>\n<p>Elektronikus k\u00e9zbes\u00edt\u00e9si c\u00edme: \u00a0\u00a0\u00a0\u00a0\u00a0\u00a0\u00a0\u00a0\u00a0\u00a0\u00a0 iroda@tarhely.eu<\/p>\n<p>E-mail c\u00edme: \u00a0\u00a0\u00a0\u00a0\u00a0\u00a0\u00a0\u00a0\u00a0\u00a0\u00a0\u00a0\u00a0\u00a0\u00a0\u00a0\u00a0\u00a0\u00a0\u00a0\u00a0\u00a0\u00a0\u00a0\u00a0\u00a0\u00a0\u00a0\u00a0\u00a0\u00a0\u00a0\u00a0\u00a0\u00a0\u00a0\u00a0 <a href=\"mailto:iroda@tarhely.eu\">iroda@tarhely.eu<\/a> \u00e9s <a href=\"mailto:support@tarhely.eu\">support@tarhely.eu<\/a><\/p>\n<p>Telefonsz\u00e1m: \u00a0\u00a0\u00a0\u00a0\u00a0\u00a0\u00a0\u00a0\u00a0\u00a0\u00a0\u00a0\u00a0\u00a0\u00a0\u00a0\u00a0\u00a0\u00a0\u00a0\u00a0\u00a0\u00a0\u00a0 \u00a0\u00a0\u00a0\u00a0\u00a0\u00a0\u00a0\u00a0\u00a0\u00a0\u00a0 +3617892789<\/p>\n<p>Honlap: \u00a0\u00a0\u00a0\u00a0\u00a0\u00a0\u00a0\u00a0\u00a0\u00a0\u00a0\u00a0\u00a0\u00a0\u00a0\u00a0\u00a0\u00a0\u00a0\u00a0\u00a0\u00a0\u00a0\u00a0\u00a0\u00a0\u00a0\u00a0\u00a0\u00a0\u00a0\u00a0\u00a0\u00a0\u00a0\u00a0\u00a0\u00a0\u00a0\u00a0\u00a0\u00a0\u00a0\u00a0 https:\/\/tarhely.eu\/<\/p>\n<p>a tov\u00e1bbiakban a \u201e<strong>T\u00e1rhely Szolg\u00e1ltat\u00f3<\/strong>\u201d<\/p>\n<p>&nbsp;<\/p>\n<ol start=\"2\">\n<li><strong>jogszab\u00e1lyi h\u00e1tt\u00e9r, alapelvek \u00e9s fogalmak<\/strong><\/li>\n<\/ol>\n<p><strong>\u00a0<\/strong><\/p>\n<p>Jelen nyilatkozat vonatkoz\u00e1s\u00e1ban \u2013 az Elker. tv. \u00e9rtelm\u00e9ben \u2013 az al\u00e1bbi fogalmak alatt a k\u00f6vetkez\u0151 tartalmat kell \u00e9rteni \u00e9s \u00e9rtelmezni.<\/p>\n<p>&nbsp;<\/p>\n<p>A Szolg\u00e1ltat\u00f3 az Elker. tv. 2. \u00a7 20. pontja szerint \u201e<em>az inform\u00e1ci\u00f3s t\u00e1rsadalommal \u00f6sszef\u00fcgg\u0151 szolg\u00e1ltat\u00e1st ny\u00fajt\u00f3 term\u00e9szetes, illetve jogi szem\u00e9ly vagy jogi szem\u00e9lyis\u00e9g n\u00e9lk\u00fcli szervezet<\/em>\u201d, m\u00edg a Felhaszn\u00e1l\u00f3 a \u201e<em>minden olyan szem\u00e9ly, aki a weboldalt, vagy a weboldalon el\u00e9rhet\u0151 szolg\u00e1ltat\u00e1sokat illetve tartalmakat b\u00e1rmilyen m\u00f3don ig\u00e9nybe veszi<\/em>\u201d.<\/p>\n<p>&nbsp;<\/p>\n<p>Szolg\u00e1ltat\u00f3 kijelenti, miszerint a jelen nyilatkozatra, tov\u00e1bb\u00e1 a jelen nyilatkozatban \u00e9rintett illetve nem szab\u00e1lyozott k\u00e9rd\u00e9sekre a magyar jog, k\u00fcl\u00f6n\u00f6sen az elektronikus kereskedelmi szolg\u00e1ltat\u00e1sok, valamint az inform\u00e1ci\u00f3s t\u00e1rsadalommal \u00f6sszef\u00fcgg\u0151 szolg\u00e1ltat\u00e1sok egyes k\u00e9rd\u00e9seir\u0151l sz\u00f3l\u00f3 2001. \u00e9vi CVIII. (az \u201e<strong>Elker. tv.<\/strong>\u201d), valamint a Polg\u00e1ri T\u00f6rv\u00e9nyk\u00f6nyvr\u0151l sz\u00f3l\u00f3 2013. \u00e9vi V. t\u00f6rv\u00e9ny (a \u201e<strong>Ptk.<\/strong>\u201d) rendelkez\u00e9sei az ir\u00e1nyad\u00f3k \u00e9s k\u00f6telez\u0151k.<\/p>\n<p>&nbsp;<\/p>\n<p>Szolg\u00e1ltat\u00f3 fenntartja mag\u00e1nak a jogot, hogy a <a href=\"https:\/\/www.fannitenk.com\/\">https:\/\/www.fannitenk.com\/<\/a> weboldal mindenkori tartalm\u00e1nak \u00e9s annak terjeszt\u00e9s\u00e9nek tekintet\u00e9ben. Szolg\u00e1ltat\u00f3 kifejezetten megtiltja, hogy a <a href=\"https:\/\/www.fannitenk.com\/\">https:\/\/www.fannitenk.com\/<\/a> weboldal mindenkori tartalma, eg\u00e9sze vagy r\u00e9szlete a Szolg\u00e1ltat\u00f3 el\u0151zetes, \u00edr\u00e1sbeli \u00e9s kifejezett hozz\u00e1j\u00e1rul\u00e1sa n\u00e9lk\u00fcl let\u00f6lt\u00e9sre, m\u00e1sol\u00e1sra, t\u00f6bbsz\u00f6r\u00f6z\u00e9sre, feldolgoz\u00e1sra, terjeszt\u00e9sre, felhaszn\u00e1l\u00e1sra ker\u00fclj\u00f6n.<\/p>\n<p>&nbsp;<\/p>\n<p>A Szolg\u00e1ltat\u00f3 \u00e1ltal fenntartott \u00e9s \u00fczemeltetett <a href=\"https:\/\/www.fannitenk.com\/\">https:\/\/www.fannitenk.com\/<\/a> weboldalra t\u00f6rt\u00e9n\u0151 bel\u00e9p\u00e9ssel, illetve az ott megjelen\u0151 mindenkori tartalom fogyaszt\u00e1s\u00e1val Felhaszn\u00e1l\u00f3 a jelen nyilatkozatban foglalt rendelkez\u00e9seket \u00f6nmag\u00e1ra k\u00f6telez\u0151 \u00e9rv\u00e9ny\u0171nek ismeri el. Szolg\u00e1ltat\u00f3 akk\u00e9nt rendelkezik, miszerint amennyiben a Felhaszn\u00e1l\u00f3 a jelen nyilatkozatban meghat\u00e1rozott rendelkez\u00e9seket nem, vagy csak r\u00e9szben fogadja el, \u00fagy a <a href=\"https:\/\/www.fannitenk.com\/\">https:\/\/www.fannitenk.com\/<\/a> weboldal tartalm\u00e1nak megismer\u00e9se nem jogosult \u00e9s halad\u00e9ktalanul k\u00f6teles a nevezett weboldalt elhagyni. A Felhaszn\u00e1l\u00f3 a weboldal haszn\u00e1lat\u00e1val kifejezetten elfogadja, hogy r\u00e1 n\u00e9zve a weboldal haszn\u00e1lat\u00e1val kapcsolatos valamennyi szab\u00e1lyoz\u00e1s automatikusan \u00e9rv\u00e9nyes \u00e9s k\u00f6telez\u0151 er\u0151vel b\u00edr.<\/p>\n<p>&nbsp;<\/p>\n<p>A jelen nyilatkozat 2024.07.27. napj\u00e1t\u00f3l kezd\u0151d\u0151en, visszavon\u00e1sig illetve m\u00f3dos\u00edt\u00e1s\u00e1ig hat\u00e1lyos. A Szolg\u00e1ltat\u00f3 jogosult egyoldal\u00faan m\u00f3dos\u00edtani a jelen nyilatkozatot. Szolg\u00e1ltat\u00f3 k\u00f6telezi mag\u00e1t arra, hogy a m\u00f3dos\u00edt\u00e1sokkal egys\u00e9ges szerkezetbe foglalt nyilatkozatot annak hat\u00e1lyba l\u00e9p\u00e9se el\u0151tt tizenn\u00e9gy nappal a weboldal\u00e1n k\u00f6zz\u00e9teszi.<\/p>\n<p>&nbsp;<\/p>\n<ol start=\"3\">\n<li><strong>felel\u0151ss\u00e9g \u00e9s annak kiz\u00e1r\u00e1sa<\/strong><\/li>\n<\/ol>\n<p><strong>\u00a0<\/strong><\/p>\n<p>Szolg\u00e1ltat\u00f3 ebben a k\u00f6rben nyilatkozik, hogy legjobb igyekezete szerint t\u00f6rekszik a weboldalon tal\u00e1lhat\u00f3 tartalmak rendszeres friss\u00edt\u00e9s\u00e9re, azonban azok teljess\u00e9g\u00e9\u00e9rt, val\u00f3s\u00e1gtartalm\u00e1\u00e9rt, minden k\u00f6r\u00fclm\u00e9nyek k\u00f6z\u00f6tti helyt\u00e1ll\u00f3s\u00e1g\u00e1\u00e9rt, esetleges m\u00f3dosul\u00e1s\u00e1\u00e9rt semmilyen felel\u0151ss\u00e9get nem v\u00e1llal.<\/p>\n<p>&nbsp;<\/p>\n<p>Felhaszn\u00e1l\u00f3 a weboldalt kiz\u00e1r\u00f3lag saj\u00e1t felel\u0151ss\u00e9g\u00e9re haszn\u00e1lhatja illetve b\u00f6ng\u00e9szheti.<\/p>\n<p>&nbsp;<\/p>\n<p>Szolg\u00e1ltat\u00f3 kijelenti, miszerint legjobb igyekezete szerint sem garant\u00e1lhatja a weboldalon tal\u00e1lhat\u00f3 funkci\u00f3k \u00e9s tartalmak zavartalan \u00e9s hib\u00e1tlan m\u0171k\u00f6d\u00e9s\u00e9t. Szolg\u00e1ltat\u00f3 ekk\u00e9nt nem felel azok\u00e9rt a k\u00e1rok\u00e9rt, vesztes\u00e9gek\u00e9rt, k\u00f6lts\u00e9gek\u00e9rt, amelyek a weboldallal kapcsolatban, annak haszn\u00e1lat\u00e1b\u00f3l vagy haszn\u00e1lhatatlans\u00e1g\u00e1b\u00f3l, nem megfelel\u0151 m\u0171k\u00f6d\u00e9s\u00e9b\u0151l, meghib\u00e1sod\u00e1s\u00e1b\u00f3l, sz\u00e1m\u00edt\u00f3g\u00e9pes v\u00edrus \u00e1ltal, vonal- vagy rendszerhib\u00e1b\u00f3l, vagy m\u00e1s hasonl\u00f3 okb\u00f3l k\u00f6vetkeznek be.<\/p>\n<p>&nbsp;<\/p>\n<p>A Szolg\u00e1ltat\u00f3 ezennel kiz\u00e1r minden felel\u0151ss\u00e9get a weboldal Felhaszn\u00e1l\u00f3 \u00e1ltali haszn\u00e1lata \u00e9s\/vagy ennek eredm\u00e9nye \u00e1ltal b\u00e1rmilyen m\u00f3don, k\u00f6zvetlen\u00fcl \u00e9s\/vagy k\u00f6zvetetten okozott mindennem\u0171 k\u00e1r\u00e9rt, bele\u00e9rtve, de nem kiz\u00e1r\u00f3lagoss\u00e1ggal a k\u00f6vetkez\u0151k \u00e1ltal b\u00e1rmilyen m\u00f3don okozott \u00e9s\/vagy azokb\u00f3l b\u00e1rmilyen m\u00f3don fakad\u00f3 k\u00e1rokat:<\/p>\n<p>&nbsp;<\/p>\n<ul>\n<li>a Felhaszn\u00e1l\u00f3 b\u00e1rmely tev\u00e9kenys\u00e9ge, melyre esetleg a weboldalon k\u00f6zz\u00e9tett inform\u00e1ci\u00f3 \u00f6szt\u00f6n\u00f6zte Felhaszn\u00e1l\u00f3t;<\/li>\n<li>a weboldal haszn\u00e1lat\u00e1nak lehetetlens\u00e9ge; \u00e9s<\/li>\n<li>a weboldalon szerepl\u0151 bizonyos inform\u00e1ci\u00f3k helytelens\u00e9ge, hi\u00e1nyoss\u00e1ga vagy elavults\u00e1ga.<\/li>\n<\/ul>\n<p>&nbsp;<\/p>\n<p>Fentiekre tekintettel Szolg\u00e1ltat\u00f3 a weboldal haszn\u00e1lat\u00e1b\u00f3l ered\u0151 esetleges k\u00e1rok\u00e9rt val\u00f3 felel\u0151ss\u00e9get kifejezetten elutas\u00edtja.<\/p>\n<p>&nbsp;<\/p>\n<ol start=\"4\">\n<li><strong>Szerz\u0151i jogok<\/strong><\/li>\n<\/ol>\n<p>&nbsp;<\/p>\n<p>A weboldal szerz\u0151i jogi m\u0171nek min\u0151s\u00fcl. Valamennyi szellemi tulajdonjog, bele\u00e9rtve, de nem kiz\u00e1r\u00f3lagosan a weboldalon szerepl\u0151 valamennyi sz\u00f6veg, illusztr\u00e1ci\u00f3, hang, k\u00e9p, szoftver \u00e9s egy\u00e9b anyag szerz\u0151i vagy v\u00e9djegyjogait, a Szolg\u00e1ltat\u00f3 tulajdon\u00e1t k\u00e9pezi, vagy a megfelel\u0151 tulajdonos enged\u00e9ly\u00e9vel ker\u00fclt a webhelyre.<\/p>\n<p>&nbsp;<\/p>\n<p>Felhaszn\u00e1l\u00f3nak nem \u00e1ll jog\u00e1ban a weboldal egyes r\u00e9szeit nyomtatni vagy merevlemezre let\u00f6lteni, \u00e9s m\u00e1s szem\u00e9lyekkel megosztani. Felhaszn\u00e1l\u00f3nak tilos kereskedelmi c\u00e9lokra haszn\u00e1lni a weboldalt, illetve annak b\u00e1rmely r\u00e9sz\u00e9t (vagy ezek m\u00e1solat\u00e1t) \u00e9s\/vagy a rajta szerepl\u0151 m\u00e1rk\u00e1kat \u00e9s a webhelyen megjelen\u0151 szem\u00e9lyek hangj\u00e1t, k\u00e9pm\u00e1s\u00e1t \u00e9s tilos b\u00e1rmely m\u00f3don m\u00f3dos\u00edtani a weboldalt (vagy annak b\u00e1rmely r\u00e9sz\u00e9t), vagy belefoglalni azt b\u00e1rmilyen m\u00e1s m\u0171be (p\u00e9ld\u00e1ul nyomtatott dokumentumba, blogba vagy saj\u00e1t vagy harmadik f\u00e9l weboldal\u00e1ra).<\/p>\n<p>&nbsp;<\/p>\n<p>A Szolg\u00e1ltat\u00f3 el\u0151zetes \u00edr\u00e1sbeli j\u00f3v\u00e1hagy\u00e1sa n\u00e9lk\u00fcl tilos a weboldal eg\u00e9sz\u00e9nek vagy r\u00e9sz\u00e9nek, r\u00e9szlet\u00e9nek t\u00e1j\u00e9koztat\u00e1si c\u00e9lon t\u00fali (pl. kereskedelmi c\u00e9l\u00fa) m\u00e1sol\u00e1sa, t\u00f6bbsz\u00f6r\u00f6z\u00e9se, \u00fajra nyilv\u00e1noss\u00e1ghoz t\u00f6rt\u00e9n\u0151 k\u00f6zvet\u00edt\u00e9se, \u00e9s\/vagy a weboldal tartalm\u00e1nak mindenfajta eltorz\u00edt\u00e1sa, megcsonk\u00edt\u00e1sa, eg\u00e9szben vagy r\u00e9szben t\u00f6rt\u00e9n\u0151 haszn\u00e1lata, felhaszn\u00e1l\u00e1sa, feldolgoz\u00e1sa, \u00e9rt\u00e9kes\u00edt\u00e9se a Szolg\u00e1ltat\u00f3, mint szerz\u0151 el\u0151zetes \u00edr\u00e1sos hozz\u00e1j\u00e1rul\u00e1sa n\u00e9lk\u00fcl.<\/p>\n<p>&nbsp;<\/p>\n<p>&nbsp;<\/p>\n<ol start=\"5\">\n<li><strong>k\u00f6tb\u00e9r<\/strong><\/li>\n<\/ol>\n<p>&nbsp;<\/p>\n<p>A weboldal olvas\u00f3ja, felhaszn\u00e1l\u00f3ja tudom\u00e1sul veszi, hogy a felhaszn\u00e1l\u00e1si enged\u00e9ly n\u00e9lk\u00fcli<\/p>\n<p>felhaszn\u00e1l\u00e1s eset\u00e9n a Szolg\u00e1ltat\u00f3t k\u00f6tb\u00e9r illeti meg. A k\u00f6tb\u00e9r \u00f6sszege mondatonk\u00e9nt \u00e9s\/vagy k\u00e9penk\u00e9nt \u00e9s\/vagy vide\u00f3nk\u00e9nt 40.000,- Ft. A weboldal olvas\u00f3ja, felhaszn\u00e1l\u00f3ja tudom\u00e1sul veszi, hogy ezen k\u00f6tb\u00e9rkik\u00f6t\u00e9s nem elt\u00falzott m\u00e9rt\u00e9k\u0171, \u00e9s ennek tudat\u00e1ban haszn\u00e1lja a weboldalt. Szerz\u0151i jogi jogs\u00e9rt\u00e9s eset\u00e9n a Szolg\u00e1ltat\u00f3 k\u00f6zjegyz\u0151i t\u00e9nytan\u00fas\u00edt\u00e1st alkalmazhat, melynek \u00f6sszeg\u00e9t szint\u00e9n a jogs\u00e9rt\u0151 felhaszn\u00e1l\u00f3ra h\u00e1r\u00edthatja.<\/p>\n<p>&nbsp;<\/p>\n<ol start=\"6\">\n<li><strong>adatv\u00e9delem<\/strong><\/li>\n<\/ol>\n<p><strong>\u00a0<\/strong><\/p>\n<p>Az adatkezel\u00e9ssel kapcsolatos inform\u00e1ci\u00f3k k\u00f6zz\u00e9t\u00e9tele a <a href=\"https:\/\/www.fannitenk.com\/\">https:\/\/www.fannitenk.com\/<\/a> weboldalon t\u00f6rt\u00e9nik.<\/p>\n<p>&nbsp;<\/p>\n<p>&nbsp;<\/p>\n<p>Kelt: Budapesten, 2024.07.27. napj\u00e1n.<\/p>\n<p>&nbsp;<\/p>\n<p>[\/et_pb_text][\/et_pb_column][\/et_pb_row][\/et_pb_section]<\/p>\n","protected":false},"excerpt":{"rendered":"<p>JOGI NYILATKOZAT A Future Built Korl\u00e1tolt Felel\u0151ss\u00e9g\u0171 T\u00e1rsas\u00e1g (sz\u00e9khely: 9200 Mosonmagyar\u00f3v\u00e1r, V\u00e1rallyai Gy\u00f6rgy utca 66. B. \u00e9p.; c\u00e9gjegyz\u00e9ksz\u00e1m: 08-09-022309; ad\u00f3sz\u00e1m: 23478464-2-08; nyilv\u00e1ntartja: a Gy\u0151ri T\u00f6rv\u00e9nysz\u00e9k C\u00e9gb\u00edr\u00f3s\u00e1ga; k\u00e9pviseli: Dr. Tenk G\u00e1bor \u00fcgyvezet\u0151; a \u201eSzolg\u00e1ltat\u00f3\u201d) mint Szolg\u00e1ltat\u00f3 \u00e1ltal \u00fczemeltetett \u00e9s fenntartott, https:\/\/www.fannitenk.com\/ weboldal l\u00e1togat\u00f3inak, valamint szolg\u00e1ltat\u00e1saink ig\u00e9nybe vev\u0151inek r\u00e9sz\u00e9re sz\u00f3l\u00f3 jogi nyilatkozata. Jelen nyilatkozat 2024.07.27. napj\u00e1t\u00f3l hat\u00e1lyos. [&hellip;]<\/p>\n","protected":false},"author":2,"featured_media":0,"parent":0,"menu_order":0,"comment_status":"closed","ping_status":"closed","template":"","meta":{"_et_pb_use_builder":"on","_et_pb_old_content":"","_et_gb_content_width":"","_monsterinsights_skip_tracking":false,"_monsterinsights_sitenote_active":false,"_monsterinsights_sitenote_note":"","_monsterinsights_sitenote_category":0,"footnotes":""},"class_list":["post-505","page","type-page","status-publish","hentry"],"_links":{"self":[{"href":"https:\/\/www.fannitenk.com\/index.php?rest_route=\/wp\/v2\/pages\/505","targetHints":{"allow":["GET"]}}],"collection":[{"href":"https:\/\/www.fannitenk.com\/index.php?rest_route=\/wp\/v2\/pages"}],"about":[{"href":"https:\/\/www.fannitenk.com\/index.php?rest_route=\/wp\/v2\/types\/page"}],"author":[{"embeddable":true,"href":"https:\/\/www.fannitenk.com\/index.php?rest_route=\/wp\/v2\/users\/2"}],"replies":[{"embeddable":true,"href":"https:\/\/www.fannitenk.com\/index.php?rest_route=%2Fwp%2Fv2%2Fcomments&post=505"}],"version-history":[{"count":4,"href":"https:\/\/www.fannitenk.com\/index.php?rest_route=\/wp\/v2\/pages\/505\/revisions"}],"predecessor-version":[{"id":510,"href":"https:\/\/www.fannitenk.com\/index.php?rest_route=\/wp\/v2\/pages\/505\/revisions\/510"}],"wp:attachment":[{"href":"https:\/\/www.fannitenk.com\/index.php?rest_route=%2Fwp%2Fv2%2Fmedia&parent=505"}],"curies":[{"name":"wp","href":"https:\/\/api.w.org\/{rel}","templated":true}]}}